False
Is 560874185 a composite number?
True
Is 8866008985 prime?
False
Is 111296812598 composite?
True
Is 1317130621 prime?
True
Is 19507830653 composite?
False
Is 32031183697 composite?
False
Is 138763834217 prime?
True
Is 6802291679 composite?
True
Is 18046501763 a composite number?
False
Is 894007258 prime?
False
Is 13567863871 a prime number?
True
Is 15516770779 composite?
True
Is 2408445079 a composite number?
True
Is 896459461 a prime number?
True
Is 9897302717 a prime number?
True
Is 4642727449 prime?
True
Is 94564297 a composite number?
False
Is 37767345379 prime?
False
Is 962254499 prime?
True
Is 7160693209 a prime number?
False
Is 117084714766 a prime number?
False
Is 861208703 a composite number?
True
Is 35136815783 prime?
False
Is 516358511 composite?
True
Is 4155477122 prime?
False
Is 581773441 a prime number?
True
Is 193982615 a composite number?
True
Is 2592594997 prime?
True
Is 4304339381 prime?
True
Is 767378357 a composite number?
True
Is 134917813 composite?
True
Is 1223868319 a composite number?
False
Is 228006913183 composite?
True
Is 25952263477 a prime number?
False
Is 41803206469 a composite number?
False
Is 1403026511 a prime number?
True
Is 22237413413 prime?
False
Is 6701094307 a prime number?
True
Is 936094301 a prime number?
True
Is 25610404231 prime?
True
Is 782425783 composite?
False
Is 2967837077 composite?
True
Is 7283988629 a composite number?
False
Is 401682675673 prime?
False
Is 1514843567 prime?
True
Is 63156909899 a prime number?
False
Is 10917817 a composite number?
True
Is 1099714211 composite?
True
Is 34726049531 prime?
False
Is 8877041083 a prime number?
True
Is 2045466943 composite?
True
Is 83121749 a composite number?
False
Is 108113099221 prime?
True
Is 34889251601 prime?
False
Is 9723504887 a composite number?
True
Is 13393273403 a composite number?
False
Is 424352777 composite?
True
Is 2266929949 prime?
False
Is 138560437141 composite?
True
Is 401074482307 composite?
False
Is 6207580571 composite?
False
Is 574273771 a prime number?
True
Is 6754872743 a prime number?
False
Is 1542223399 a composite number?
False
Is 101486223429 composite?
True
Is 89539822267 prime?
False
Is 6583720391 prime?
True
Is 5430118981 a prime number?
False
Is 13472214401 composite?
True
Is 261863447 a prime number?
True
Is 9672924497 prime?
False
Is 4577780527 prime?
True
Is 11239584199 a composite number?
True
Is 14314310513 composite?
False
Is 19168447841 composite?
False
Is 13327798817 prime?
False
Is 498014501 a prime number?
True
Is 1134972569 composite?
False
Is 108225029 a composite number?
True
Is 6050230913 a composite number?
False
Is 2485481863 a prime number?
True
Is 29096776549 prime?
False
Is 441724643 prime?
True
Is 1061543827 a composite number?
False
Is 114787073 composite?
False
Is 3288713927 prime?
False
Is 2481178181 a prime number?
False
Is 84770848817 composite?
True
Is 16140819427 a composite number?
True
Is 1471565947 composite?
False
Is 870044107 a composite number?
True
Is 287720011 a prime number?
True
Is 274472253949 composite?
True
Is 364304491 a prime number?
True
Is 28489086309 a prime number?
False
Is 4366010161 a prime number?
True
Is 288735569 composite?
False
Is 431564657 composite?
True
Is 89084328577 composite?
True
Is 11395124131 a composite number?
True
Is 27139443709 a composite number?
True
Is 4137949463 a composite number?
False
Is 54312953759 composite?
False
Is 1398780703 composite?
True
Is 5436118771 a prime number?
True
Is 647482679 a composite number?
False
Is 324280421 a composite number?
False
Is 143607015941 composite?
False
Is 93648023849 a prime number?
True
Is 21357769531 prime?
False
Is 1307279551 prime?
False
Is 1508853169 a prime number?
False
Is 50592042557 a composite number?
True
Is 25572061439 prime?
True
Is 407482753 a composite number?
False
Is 58638301121 a prime number?
False
Is 6196435759 a prime number?
True
Is 10989968153 a prime number?
False
Is 777281023 a prime number?
False
Is 7969751819 a prime number?
True
Is 1966218277 composite?
False
Is 36112265389 a prime number?
True
Is 7299773477 a prime number?
True
Is 10935866153 composite?
True
Is 2797231551 prime?
False
Is 3564228991 a prime number?
False
Is 336780730313 prime?
True
Is 13688451967 a prime number?
True
Is 36349993 prime?
True
Is 71111426773 composite?
True
Is 82805733137 composite?
False
Is 537206491 composite?
True
Is 1654105579 prime?
False
Is 68598463103 prime?
False
Is 157552613 a prime number?
True
Is 20430142823 a composite number?
True
Is 27212223721 a prime number?
True
Is 615473741 a composite number?
False
Is 20907092705 a composite number?
True
Is 7066255087 a prime number?
False
Is 8538512821 composite?
True
Is 79229971 composite?
False
Is 1553304479 composite?
False
Is 27457285241 prime?
True
Is 10487665273 a composite number?
True
Is 46119973673 prime?
False
Is 4108857811 prime?
False
Is 200598451 a prime number?
True
Is 17817503047 a prime number?
False
Is 10678802843 composite?
True
Is 502956647 a prime number?
True
Is 384614029 prime?
False
Is 806252045 a composite number?
True
Is 2888284517 a composite number?
False
Is 1197275977 a composite number?
True
Is 913718423 a prime number?
False
Is 6827413 composite?
False
Is 360425279 prime?
False
Is 23202444227 composite?
False
Is 353743109 prime?
True
Is 27195322361 composite?
False
Is 10501897711 composite?
False
Is 789225501 composite?
True
Is 5851153547 a composite number?
False
Is 209614459669 prime?
True
Is 17993959589 a prime number?
True
Is 789113399 a prime number?
True
Is 109495151 a composite number?
True
Is 5201491781 a composite number?
False
Is 802527587 a prime number?
True
Is 633187273 a prime number?
False
Is 1791451009 prime?
True
Is 488177923 a composite number?
False
Is 206722389 prime?
False
Is 366229489 a prime number?
True
Is 1737880271 a prime number?
True
Is 5267225207 prime?
False
Is 5054298349 a prime number?
True
Is 15869639699 a composite number?
True
Is 81349897 a composite number?
False
Is 91655286967 prime?
True
Is 418625971 a prime number?
True
Is 52648229 composite?
True
Is 2683404343 composite?
False
Is 1283961377 a composite number?
True
Is 5286508727 a prime number?
False
Is 250474335281 prime?
True
Is 3247826735 composite?
True
Is 51136152259 composite?
False
Is 60580213 a composite number?
False
Is 82402696289 prime?
False
Is 9534187951 composite?
True
Is 94175130551 composite?
False
Is 14398974983 composite?
False
Is 8786121671 prime?
True
Is 278332727 prime?
False
Is 176928251 a prime number?
False
Is 9649255103 a composite number?
True
Is 4625531843 a prime number?
False
Is 141087645095 a composite number?
True
Is 6298712039 a prime number?
False
Is 1111824569 a prime number?
False
Is 358841045 a prime number?
False
Is 19076152685 composite?
True
Is 96766207583 prime?
True
Is 369941659 a composite number?
False
Is 8947695059 prime?
False
Is 5263999511 a prime number?
True
Is 4800643 composite?
True
Is 5646889933 a prime number?
True
Is 9601999153 composite?
False
Is 21609603779 a prime number?
False
Is 425273201 a composite number?
True
Is 180539927 a prime number?
True
Is 5021424703 composite?
False
Is 12370333769 composite?
True
Is 1251864011 a composite number?
False
Is 6174731371 composite?
True
Is 280843061 composite?
True
Is 15916847813 composite?
False
Is 782397263 a prime number?
True
Is 157059031183 composite?
False
Is 3865566317 prime?
True
Is 3441025279 composite?
False
Is 8312625487 composite?
False
Is 26901779159 a composite number?
False
Is 544602907 composite?
True
Is 49797641398 a composite number?
True
Is 1948859947 a composite number?
False
Is 1676144843 prime?
True
Is 12751740371 a composite number?
True
Is 3606657091 composite?
False
Is 3836829567 composite?
True
Is 52589555047 a prime number?
False
Is 11804004131 prime?
True
Is 56009706367 a prime number?
False
Is 518688387551 prime?
True
Is 5443452269 composite?
True
Is 40412417 a composite number?
True
Is 1568367257 a composite number?
False
Is 25987913213 a prime number?
True
Is 425065661 composite?
False
Is 245523269 a prime number?
True
Is 1908947431 a prime number?
False
Is 594099641 prime?
False
Is 48906343 a composite number?
False
Is 2554864889 prime?
True
Is 378601327 a prime number?
False
Is 4044950464